is the millions digit of 1513004?
1
What is the ten millions digit of 14982466?
1
What is the thousands digit of 529273?
9
What is the hundred thousands digit of 402532?
4
What is the tens digit of 1072995?
9
What is the tens digit of 158177?
7
What is the thousands digit of 725164?
5
What is the tens digit of 134840?
4
What is the tens digit of 261709?
0
What is the hundred thousands digit of 1614000?
6
What is the thousands digit of 2111133?
1
What is the millions digit of 3895814?
3
What is the hundred thousands digit of 755388?
7
What is the thousands digit of 12521?
2
What is the thousands digit of 21585389?
5
What is the tens digit of 2828782?
8
What is the tens digit of 82495?
9
What is the hundred thousands digit of 167839?
1
What is the ten millions digit of 25403309?
2
What is the ten thousands digit of 63166?
6
What is the millions digit of 16138527?
6
What is the millions digit of 10745388?
0
What is the thousands digit of 2084612?
4
What is the hundreds digit of 151097?
0
What is the tens digit of 465531?
3
What is the hundreds digit of 28938?
9
What is the tens digit of 1182692?
9
What is the tens digit of 203328?
2
What is the hundreds digit of 1223009?
0
What is the hundred thousands digit of 4524105?
5
What is the hundreds digit of 243224?
2
What is the thousands digit of 353972?
3
What is the units digit of 200152?
2
What is the tens digit of 214803?
0
What is the ten thousands digit of 147912?
4
What is the ten thousands digit of 2029714?
2
What is the units digit of 15400657?
7
What is the hundreds digit of 190021?
0
What is the ten millions digit of 15809764?
1
What is the thousands digit of 664729?
4
What is the ten thousands digit of 475962?
7
What is the ten thousands digit of 8778451?
7
What is the ten thousands digit of 12808750?
0
What is the units digit of 1303367?
7
What is the ten thousands digit of 204503?
0
What is the tens digit of 303133?
3
What is the millions digit of 7312342?
7
What is the ten millions digit of 10833281?
1
What is the ten thousands digit of 10777757?
7
What is the tens digit of 971694?
9
What is the thousands digit of 211039?
1
What is the units digit of 1958758?
8
What is the hundred thousands digit of 333433?
3
What is the units digit of 358148?
8
What is the ten thousands digit of 4165864?
6
What is the tens digit of 367762?
6
What is the thousands digit of 452942?
2
What is the thousands digit of 143828?
3
What is the hundreds digit of 433069?
0
What is the units digit of 1795796?
6
What is the units digit of 715158?
8
What is the hundred thousands digit of 11348121?
3
What is the tens digit of 6561563?
6
What is the thousands digit of 162540?
2
What is the millions digit of 29211428?
9
What is the tens digit of 536811?
1
What is the ten thousands digit of 1120920?
2
What is the tens digit of 5863284?
8
What is the hundreds digit of 1839056?
0
What is the tens digit of 669907?
0
What is the ten thousands digit of 11114781?
1
What is the units digit of 4368852?
2
What is the thousands digit of 27904068?
4
What is the ten thousands digit of 17199507?
9
What is the hundreds digit of 183918?
9
What is the ten thousands digit of 1698568?
9
What is the hundreds digit of 91047?
0
What is the hundred thousands digit of 3464378?
4
What is the ten thousands digit of 7645641?
4
What is the hundred thousands digit of 867869?
8
What is the hundreds digit of 491330?
3
What is the units digit of 446738?
8
What is the units digit of 27422785?
5
What is the thousands digit of 38188?
8
What is the hundred thousands digit of 2212982?
2
What is the hundreds digit of 7311755?
7
What is the units digit of 436733?
3
What is the ten thousands digit of 4616147?
1
What is the tens digit of 1047221?
2
What is the units digit of 854627?
7
What is the hundred thousands digit of 1139920?
1
What is the ten thousands digit of 1763838?
6
What is the tens digit of 339808?
0
What is the ten thousands digit of 3659691?
5
What is the hundred thousands digit of 140462?
1
What is the hundred thousands digit of 8492125?
4
What is the tens digit of 112394?
9
What is the hundred thousands digit of 101708?
1
What is the hundred thousands digit of 492886?
4
What is the millions digit of 2616791?
2
What is the millions digit of 2097902?
2
What is the hundreds digit of 4553052?
0
What is the tens digit of 5211312?
1
What is the hundred thousands digit of 756182?
7
What is the tens digit of 7281584?
8
What is the hundred thousands digit of 162786?
1
What is the thousands digit of 34198080?
8
What is the thousands digit of 359804?
9
What is the units digit of 2306353?
3
What is the thousands digit of 1774178?
4
What is the units digit of 1961106?
6
What is the units digit of 2352131?
1
What is the tens digit of 66409?
0
What is the thousands digit of 5186306?
6
What is the hundreds digit of 4239570?
5
What is the hundreds digit of 9490324?
3
What is the tens digit of 286938?
3
What is the hundreds digit of 1388091?
0
What is the hundreds digit of 999887?
8
What is the millions digit of 18719118?
8
What is the units digit of 98026?
6
What is the hundred thousands digit of 2853564?
8
What is the ten thousands digit of 7547781?
4
What is the thousands digit of 304460?
4
What is the thousands digit of 896210?
6
What is the ten thousands digit of 6110116?
1
What is the tens digit of 4364?
6
What is the hundred thousands digit of 839650?
8
What is the hundreds digit of 381465?
4
What is the ten thousands digit of 1045582?
4
What is the millions digit of 6166710?
6
What is the millions digit of 10313325?
0
What is the hundreds digit of 101057?
0
What is the thousands digit of 64671?
4
What is the ten millions digit of 12887295?
1
What is the units digit of 239391?
1
What is the thousands digit of 16486891?
6
What is the ten thousands digit of 13866596?
6
What is the ten thousands digit of 180476?
8
What is the units digit of 543451?
1
What is the ten thousands digit of 19691404?
9
What is the millions digit of 22141188?
2
What is the hundred thousands digit of 510288?
5
What is the thousands digit of 171796?
1
What is the tens digit of 648125?
2
What is the millions digit of 3752209?
3
What is the hundred thousands digit of 181450?
1
What is the ten thousands digit of 2076630?
7
What is the tens digit of 45092?
9
What is the units digit of 40390?
0
What is the tens digit of 435300?
0
What is the ten thousands digit of 240205?
4
What is the thousands digit of 6025817?
5
What is the hundred thousands digit of 334132?
3
What is the hundreds digit of 443606?
6
What is the tens digit of 86316?
1
What is the millions digit of 1918863?
1
What is the ten thousands digit of 1308877?
0
What is the hundred thousands digit of 641507?
6
What is the hundred thousands digit of 2281942?
2
What is the hundreds digit of 189216?
2
What is the units digit of 2162460?
0
What is the tens digit of 120499?
9
What is the ten thousands digit of 146471?
4
What is the ten millions digit of 18876258?
1
What is the units digit of 795757?
7
What is the thousands digit of 349800?
9
What is the units digit of 429574?
4
What is the thousands digit of 546667?
6
What is the hundred thousands digit of 9886870?
8
What is the hundred thousands digit of 412285?
4
What is the tens digit of 2373129?
2
What is the thousands digit of 172536?
2
What is the millions digit of 9299435?
9
What is the tens digit of 7440556?
5
What is the hundred thousands digit of 8921981?
9
What is the tens digit of 622236?
3
What is the ten thousands digit of 643685?
4
What is the thousands digit of 696810?
6
What is the units digit of 1355857?
7
What is the hundreds digit of 21993?
9
What is the hundred thousands digit of 5029973?
0
What is the tens digit of 9046810?
1
What is the units digit of 180657?
7
What is the millions digit of 7667291?
7
What is the hundreds digit of 453863?
8
What is the hundreds digit of 33667?
6
What is the hundreds digit of 48010?
0
What is the ten thousands digit of 32433412?
3
What is the thousands digit of 193696?
3
What is the hundred thousands digit of 465645?
4
What is the ten thousands digit of 94255?
9
What is the hundreds digit of 152758?
7
What is the hundred thousands digit of 9134136?
1
What is the ten thousands digit of 99093?
9
What is the hundred thousand